(n) be the second derivative of -n**3/6 + 8*n**2 - 677*n. Determine g(9).
7
Let v be (-520)/(-8)*16/120 + -8. Let w(p) be the second derivative of -v*p**3 + 0 - 4*p + 1/20*p**5 - 1/12*p**4 - 1/2*p**2. Calculate w(3).
5
Let j(u) = -2*u**2 + 4*u - 3113 + u**2 + 3195. Give j(11).
5
Let p(w) = 2*w**2 + 3*w - 5. Let d be p(0). Let u(z) be the third derivative of 5/24*z**4 - 6*z**2 - 1/6*z**3 + 0 + 0*z + 1/60*z**5. What is u(d)?
-1
Let u(z) = 2*z**3 + 4*z**2 - 8*z - 28. Suppose 0 = 6*l - 5*g + 3, -l - 46*g + 9 = -50*g. Give u(l).
-22
Let t be (-1)/2 + -2*(-258)/8. Let p = -63 + t. Let o(l) = 0 + p - 9*l + 0. Determine o(1).
-8
Let i(c) = c - 4. Let f be 1 - (-4)/((-2)/(-2)). Suppose 0 = 4*d - 4*b - 16 - 40, -42 = -3*d - f*b. Suppose -d*o + 7*o = -56. Determine i(o).
4
Suppose u + 4*o - 3*o + 3 = 0, 5*o - 27 = 2*u. Let z(w) = -9 + 7*w + 80*w**2 - 14*w - 81*w**2. What is z(u)?
-3
Let i = 319 + -323. Let w(v) be the first derivative of -v**3/6 - 2*v**2 - 12*v - 13. Let u(q) be the first derivative of w(q). Calculate u(i).
0
Let s(q) = -130*q + 136. Let n(b) = 45*b - 45. Let m(k) = -11*n(k) - 4*s(k). Give m(2).
1
Let h(p) = -299*p + 135*p**3 - 133*p**3 + 37 + 300*p. Give h(0).
37
Let y = -5 + 7. Let d(f) = -14*f**2 - f - 2. Let u(z) = -5*z**2 - 1. Let b = 101 - 93. Let x(g) = b*u(g) - 3*d(g). Give x(y).
12
Suppose w = -368*g + 386*g - 114, 5*g + 25 = 5*w. Let v(z) = -5*z - 6*z**2 + z + 0*z**3 + z**3. Give v(g).
21
Let n(o) = o**2 - o. Let w be n(0). Let d(p) = 1674 - 5*p - 858 + 3*p - 848 + 3*p. Calculate d(w).
-32
Let d(b) = -10 - 81456824*b + 24 + 81456825*b. Suppose 2*g + 9 + 7 = 0. Calculate d(g).
6
Let o(d) = 7*d - 102. Let u(h) = h**3 - 21*h**2 - 40*h + 410. Let m be u(22). Calculate o(m).
-4
Let r(x) = -4*x - x**2 - 1 + x + 7*x. Suppose 16*d + 235 = 315. Calculate r(d).
-6
Suppose 0 = -l + 2*q, -6*l + 9*l = -4*q - 10. Let u(k) = -5 + k**2 + 15*k + 16*k - 34*k. What is u(l)?
5
Let d(y) be the first derivative of -y**4/4 + 8*y**3/3 - 9*y**2/2 - 4*y + 1155. Calculate d(7).
-18
Let o = -3 + 9. Let z(b) = 43527*b**2 - 43528*b**2 + 7*b - 2*b + 6. Let l be z(o). Let c(p) = p**2 - p - 7. Calculate c(l).
-7
Let h(k) = k**3 - 7*k**2 + 15*k - 9. Let n = 4903 + -4897. What is h(n)?
45
Let n(v) = -3230*v**2 + 13*v - 11 + 1611*v**2 + 1617*v**2. Determine n(6).
-5
Let j(u) be the first derivative of -u**7/420 - u**6/120 - u**5/120 + u**3/3 + 36. Let k(d) be the third derivative of j(d). Determine k(-2).
6
Let i(x) = -14*x + 34*x + 9 + 27 + 2*x + 12 - 2*x**2. What is i(13)?
-4
Suppose w + k + 545 = 0, 0*w + 3*w = 4*k - 1649. Let n = 545 + w. Let g(u) = 7*u + 10. Determine g(n).
-4
Let r = -7 + 5. Let h be (-8 - -6)*(-3)/r. Let t(m) = -m**2 - m - 2. What is t(h)?
-8
Let f(b) = -b**2 - 5*b + 10. Let p = -1447 + 1441. Give f(p).
4
Let i(t) = 13 + 19 - 5*t + 18 - 52. Let v be 176/99 - 2/(-9). Give i(v).
-12
Let s(d) be the first derivative of -d**3/6 - 7*d**2/2 - 2*d - 2. Let z(x) be the first derivative of s(x). Suppose 636*r = 484*r. Calculate z(r).
-7
Let a(d) = -45*d**2 - 38*d - 11. Let w(p) = 43*p**2 + 33*p + 8. Let n(t) = 6*a(t) + 7*w(t). Determine n(2).
120
Let h(m) = -m**2 + 6*m - 8. Let q(v) = -v**2 - 12*v - 40. Let b be q(-6). Let x(u) = 3*u**2 + 9*u - 8. Let j be x(b). Give h(j).
0
Let g(j) = j**2 + 1. Let s(v) = v**3 - 8*v**2 + 3*v. Let p(h) = -3*g(h) - s(h). Suppose -3*l - 3*l = -96. Suppose 0 = 5*n - n - l. What is p(n)?
1
Suppose 7*y - 249 + 116 = 0. Let d(u) = -y*u - 13 - 24*u - 28*u + 68*u. Determine d(-4).
-1
Let z(w) = -3*w + 6. Let u(h) be the third derivative of h**4/24 - h**3/3 + 2*h**2 + 36*h. Let l(f) = 17*u(f) + 6*z(f). Give l(-2).
4
Let l = 348 - 356. Let w = 69 + -63. Let v(g) = -w + 0*g + g - 5 + 3. Give v(l).
-16
Suppose 1 = -4*k + 9. Let b be -1 - (-1)/(k/8). Let u(p) = -58 + b*p**2 - 6*p - 2*p**2 + 58. Calculate u(5).
-5
Let c(l) = l**3 + 3*l**2 + l. Let k be c(-2). Let s(b) = b**2 + 0*b + b - 11*b**3 - 3*b**k + 0*b. Suppose 2*a + 3 = -3*j, 2*j - a + 4 = -3*a. What is s(j)?
-12
Let r(x) be the first derivative of x**3/3 + 9*x**2/2 + 24*x + 277. What is r(-5)?
4
Let g be -1*6*(-2 + 1 - 0). Let w(t) be the third derivative of t**5/60 - 7*t**4/24 - 4*t**2 - 14. Calculate w(g).
-6
Let b = 6 - 7. Let y be (-2 + b)/((-8)/40). Let r(h) = 3*h**2 - 2 + y*h**3 + 5*h**3 - 21*h**3. Calculate r(3).
-2
Let p(w) be the second derivative of 19*w**5/10 + w**4/6 + w**3/2 + w**2/2 - w + 839. Calculate p(-1).
-38
Let c(u) be the second derivative of -7*u**3/3 - 9*u**2/2 + 1482*u. What is c(-6)?
75
Suppose 0*o = -16*o + 5*o - 33. Let i(h) = -h**3 - 4*h**2 + 2. Determine i(o).
-7
Let u(t) = 3 + 1440*t**2 - t**3 - 716*t**2 + 4 + t - 725*t**2. Let g(h) = h**2 - 9*h. Let m be g(9). Determine u(m).
7
Let g be (-118)/(-3) - (-40)/(-30). Let y = g - 36. Suppose -y*p + 7 = -p. Let m(c) = c**3 - 8*c**2 + 7*c + 10. Give m(p).
10
Suppose 0 = 2*a - 8, 21 = o + 7*a - 3*a. Let s be (-20)/(-3)*12/o. Suppose -20 = -2*n - 2*j, -2*n - 4*j = -5*n + s. Let u(v) = -v - 1. Give u(n).
-9
Let b be (-8)/18*1125/250. Let z(j) = -2*j**2 + j**3 - 5*j - 1 + 4*j + 0*j**2. Give z(b).
-15
Let v(z) be the first derivative of z**2/2 - 10*z + 6. Suppose -2*h - 7 = 3*h + 2*f, h + 2*f - 5 = 0. Let q be (h - 4/(-2))/((-10)/70). Give v(q).
-3
Let k(f) = f**3 + 8*f**2 + f + 2. Suppose 2*l + 3*a = 20, 3*l + 4*a = 6*a + 4. Suppose -z - 8*u = -l*u + 4, -4*z + 2*u = 34. Give k(z).
-6
Let u(c) = c - 6. Let y(g) = -915*g - 9154. Let q be y(-10). What is u(q)?
-10
Suppose -30*c + 236 = -184. Let x(i) = -6*i + 88. Calculate x(c).
4
Let t(h) = h**3 + 8*h**2 + 14*h + 8. Let i be -11 - (-40)/10 - -2. Give t(i).
13
Let o(p) be the second derivative of 1/6*p**3 + 3/2*p**2 + 0 - 10*p. Let h(v) = -2*v**2 - 9*v - 12. Let r be h(-3). What is o(r)?
0
Let w(q) = -q - 17. Let u be w(-5). Let l(s) be the first derivative of -s**3/3 - 7*s**2 - 17*s + 23. What is l(u)?
7
Suppose -21 = -3*l + 5*a + 54, l = -4*a + 42. Let j(n) = 3 + l*n - 22*n - 9*n. Determine j(-10).
13
Let a be -15 - -5 - (-1 - 4). Let y(j) be the first derivative of -1/2*j**2 + 13 - 5*j + 5/3*j**3 + 1/4*j**4. Determine y(a).
0
Let b(u) = -34*u + 8. Let s(k) = 62*k - 19. Let z(m) = 11*b(m) + 6*s(m). Give z(-11).
-4
Suppose 0 = 164*z - 60*z + 312. Let r(m) = -m**2 - 17*m. Give r(z).
42
Suppose -169 = -15*m + 56. Let k be 144/60*m/(-6). Let v(j) = 4*j + 2. Give v(k).
-22
Let w(u) = -u - 1. Let i = 275 + -189. Let j = 77 - i. What is w(j)?
8
Let l(w) be the second derivative of w**3/3 - 49*w**2/2 - 66*w. Let d be l(25). Let u(g) = -8 + 10*g - 1 + 8. What is u(d)?
9
Let v(c) be the second derivative of c**4/12 - c**3/3 + c**2 + 436*c + 2. Determine v(6).
26
Suppose 36*l = 41*l - 5. Let c(d) = -d + l + 30*d**2 - 73*d**2 + 49*d**2. Suppose -3 = -3*n - 0. Determine c(n).
6
Let c(z) be the first derivative of z - 1 - 8/3*z**3 - 1/2*z**2. Let p(t) = t**3 - 20*t**2 - 197*t + 4105. Let h be p(19). Determine c(h).
-8
Let n(f) = f**2 - 24*f + 98. Suppose 39 = 2*q + a, -2*q - a + 2*a + 29 = 0. What is n(q)?
-21
Suppose -5*r + 3*t + 31 = 0, -2*r = -6*t + 8*t - 6. Let g(c) = -1 + 2 - c + 3 + r*c - 3*c. What is g(-11)?
-7
Let a(n) = -n**3 + 3*n**2 - n - 167. Let u(v) = v**3 - 3*v**2 + v + 178. Let t(m) = 16*a(m) + 15*u(m). Determine t(-1).
3
Let d(y) = 4 + 2041*y - 2051*y + 3 - y**2. Suppose 2*w + 20 = 3*b, w + 2*b = -w - 30. Let j(l) = -l**2 - 13*l - 10. Let k be j(w). Give d(k).
7
Let a(z) = -z**3 + 7*z**2 - 5. Let f = 33 + -320. Let w = f + 294. Determine a(w).
-5
Let p(d) = d + 21. Let w(k) = 72*k**2 + 574*k - 21. Let h be w(-8). What is p(h)?
16
Let h(j) = -j**2 + 5*j. Suppose -z + 1 = -5. Let c(n) = -n**2 + 8*n - 7. Let d be c(z). Suppose -9 = -d*f + 16. Calculate h(f).
0
Let q(y) be the first derivative of -3*y**2/2 - 59*y - 8268. Calculate q(-13).
-20
Suppose -24*h + 22*h = -v + 22, 0 = -4*h - 5*v - 72. Let q(r) = -r**2 - 9*r - 39. Calculate q(h).
-91
Suppose 3*m - 2*u + 3 = 0, 2*u = 5*m + 152 - 155. Suppose -2*b - 4 = -14. Let p(r) = -b*r + 4*r**2 + 9 + r**2 - r**3 - 5. Give p(m).
7
Let t = 175 - 124. Let q(k) = 45*k + 1 - t*k - 3. Calculate q(-4).
22
Let q(m) = -m**3 - 3*m**2 - m - 62. Let f be q(0). Let o = -59 - f. Let g(p) = -4*p**2 - 4*p + 0*p - 7 - p**o + 7. Give g(-3).
3
Suppose -3*x - 4*i - 29 = 0, 3*x + i + 6 + 8 = 0. Let v(y) be the first deriv